{"id":9765,"date":"2021-02-09T12:52:17","date_gmt":"2021-02-09T09:52:17","guid":{"rendered":"https:\/\/www.tazetrend.com\/?post_type=product&#038;p=9765"},"modified":"2022-08-03T05:08:57","modified_gmt":"2022-08-03T02:08:57","slug":"kraft-e-ticaret-mukavva-kutulari","status":"publish","type":"product","link":"https:\/\/www.tazetrend.com\/?product=kraft-e-ticaret-mukavva-kutulari","title":{"rendered":"Kraft E-Ticaret Mukavva Kutular\u0131"},"content":{"rendered":"<p>Kraft e-ticaret kutu ile siz de hayallerinizdeki kutu tasar\u0131m\u0131na sahip olabilirsiniz. Renkli bask\u0131 imkanlar\u0131 ve do\u011fa dostu alternatifler ile kraft e-ticret kutu modelini siz de tercih edebilirsiniz. Diledi\u011finiz adet ve ebatlarda sipari\u015f ederek kaliteden yana tercihinizi kullan\u0131n.<\/p>\n<p><iframe loading=\"lazy\" src=\"https:\/\/assets.pinterest.com\/ext\/embed.html?id=694539573783308532\" width=\"236\" height=\"336\" frameborder=\"0\" scrolling=\"no\"><\/iframe><\/p>\n","protected":false},"excerpt":{"rendered":"<p><strong>\u00dcr\u00fcn Kodu: TTM16<\/strong><\/p>\n<p><a href=\"https:\/\/www.tazetrend.com\/online-randevu\"><img decoding=\"async\" loading=\"lazy\" class=\"alignnone wp-image-11666 size-full\" src=\"https:\/\/www.tazetrend.com\/wp-content\/uploads\/2021\/02\/online-randevu-alin.jpg\" alt=\"online randevu\" width=\"400\" height=\"100\" \/><\/a><\/p>\n","protected":false},"featured_media":9749,"comment_status":"open","ping_status":"closed","template":"","meta":[],"product_cat":[103],"product_tag":[],"_links":{"self":[{"href":"https:\/\/www.tazetrend.com\/index.php?rest_route=\/wp\/v2\/product\/9765"}],"collection":[{"href":"https:\/\/www.tazetrend.com\/index.php?rest_route=\/wp\/v2\/product"}],"about":[{"href":"https:\/\/www.tazetrend.com\/index.php?rest_route=\/wp\/v2\/types\/product"}],"replies":[{"embeddable":true,"href":"https:\/\/www.tazetrend.com\/index.php?rest_route=%2Fwp%2Fv2%2Fcomments&post=9765"}],"wp:featuredmedia":[{"embeddable":true,"href":"https:\/\/www.tazetrend.com\/index.php?rest_route=\/wp\/v2\/media\/9749"}],"wp:attachment":[{"href":"https:\/\/www.tazetrend.com\/index.php?rest_route=%2Fwp%2Fv2%2Fmedia&parent=9765"}],"wp:term":[{"taxonomy":"product_cat","embeddable":true,"href":"https:\/\/www.tazetrend.com\/index.php?rest_route=%2Fwp%2Fv2%2Fproduct_cat&post=9765"},{"taxonomy":"product_tag","embeddable":true,"href":"https:\/\/www.tazetrend.com\/index.php?rest_route=%2Fwp%2Fv2%2Fproduct_tag&post=9765"}],"curies":[{"name":"wp","href":"https:\/\/api.w.org\/{rel}","templated":true}]}}