{"id":10446,"date":"2021-02-23T17:47:25","date_gmt":"2021-02-23T14:47:25","guid":{"rendered":"https:\/\/www.tazetrend.com\/?post_type=product&#038;p=10446"},"modified":"2021-08-05T11:45:46","modified_gmt":"2021-08-05T08:45:46","slug":"burgu-sapli-beyaz-cantalar","status":"publish","type":"product","link":"https:\/\/www.tazetrend.com\/?product=burgu-sapli-beyaz-cantalar","title":{"rendered":"Burgu Sapl\u0131 Beyaz \u00c7antalar"},"content":{"rendered":"<p>Burgu sapl\u0131 karton \u00e7anta se\u00e7enekleri ile \u00e7anta ihtiyac\u0131n\u0131za en ideal \u00e7\u00f6z\u00fcm\u00fc sunmak ister misiniz? Farkl\u0131 renklerle bask\u0131 imkanlar\u0131 ve size \u00f6zel detaylarla kaliteli bir noktaya ula\u015fabilmesi burgu sapl\u0131 karton \u00e7anta modellerini farkl\u0131 bir noktaya ta\u015f\u0131yor. Siz de bu alternatifi bir de\u011ferlendirmelisiniz.<\/p>\n<p><iframe loading=\"lazy\" src=\"https:\/\/assets.pinterest.com\/ext\/embed.html?id=694539573783890048\" width=\"236\" height=\"454\" frameborder=\"0\" scrolling=\"no\"><\/iframe><\/p>\n<p>&nbsp;<\/p>\n","protected":false},"excerpt":{"rendered":"<p><a href=\"https:\/\/www.tazetrend.com\/online-randevu\"><img decoding=\"async\" loading=\"lazy\" class=\"alignnone wp-image-11666 size-full\" src=\"https:\/\/www.tazetrend.com\/wp-content\/uploads\/2021\/02\/online-randevu-alin.jpg\" alt=\"online randevu\" width=\"400\" height=\"100\" \/><\/a><\/p>\n","protected":false},"featured_media":10422,"comment_status":"open","ping_status":"closed","template":"","meta":[],"product_cat":[167],"product_tag":[],"_links":{"self":[{"href":"https:\/\/www.tazetrend.com\/index.php?rest_route=\/wp\/v2\/product\/10446"}],"collection":[{"href":"https:\/\/www.tazetrend.com\/index.php?rest_route=\/wp\/v2\/product"}],"about":[{"href":"https:\/\/www.tazetrend.com\/index.php?rest_route=\/wp\/v2\/types\/product"}],"replies":[{"embeddable":true,"href":"https:\/\/www.tazetrend.com\/index.php?rest_route=%2Fwp%2Fv2%2Fcomments&post=10446"}],"wp:featuredmedia":[{"embeddable":true,"href":"https:\/\/www.tazetrend.com\/index.php?rest_route=\/wp\/v2\/media\/10422"}],"wp:attachment":[{"href":"https:\/\/www.tazetrend.com\/index.php?rest_route=%2Fwp%2Fv2%2Fmedia&parent=10446"}],"wp:term":[{"taxonomy":"product_cat","embeddable":true,"href":"https:\/\/www.tazetrend.com\/index.php?rest_route=%2Fwp%2Fv2%2Fproduct_cat&post=10446"},{"taxonomy":"product_tag","embeddable":true,"href":"https:\/\/www.tazetrend.com\/index.php?rest_route=%2Fwp%2Fv2%2Fproduct_tag&post=10446"}],"curies":[{"name":"wp","href":"https:\/\/api.w.org\/{rel}","templated":true}]}}