{"id":10434,"date":"2021-02-23T17:44:52","date_gmt":"2021-02-23T14:44:52","guid":{"rendered":"https:\/\/www.tazetrend.com\/?post_type=product&#038;p=10434"},"modified":"2021-08-05T11:45:46","modified_gmt":"2021-08-05T08:45:46","slug":"hediye-kutulari-icin-beyaz-dosyalar","status":"publish","type":"product","link":"https:\/\/www.tazetrend.com\/?product=hediye-kutulari-icin-beyaz-dosyalar","title":{"rendered":"Hediye Kutular\u0131 i\u00e7in Beyaz Dosyalar"},"content":{"rendered":"<p><span data-sheets-value=\"{&quot;1&quot;:2,&quot;2&quot;:&quot;Hediyelik beyaz dosyalar ile size en uygun se\u00e7eneklere kap\u0131 aralayabilirsiniz. Safl\u0131\u011f\u0131 ve kaliteyi hissettiren bu dosyalar\u0131n i\u00e7ine diledi\u011finiz hediye kutusunu kolayca yerle\u015ftirebileceksiniz. \u00dcstelik bu y\u00f6ntemi kullanarak kaliteden yana taviz vermeden ambalaj malzemesi sat\u0131n alabileceksiniz.&quot;}\" data-sheets-userformat=\"{&quot;2&quot;:14337,&quot;3&quot;:{&quot;1&quot;:0,&quot;3&quot;:1},&quot;14&quot;:{&quot;1&quot;:3,&quot;3&quot;:1},&quot;15&quot;:&quot;Calibri&quot;,&quot;16&quot;:10}\">Hediyelik beyaz dosyalar ile size en uygun se\u00e7eneklere kap\u0131 aralayabilirsiniz. Safl\u0131\u011f\u0131 ve kaliteyi hissettiren bu dosyalar\u0131n i\u00e7ine diledi\u011finiz hediye kutusunu kolayca yerle\u015ftirebileceksiniz. \u00dcstelik bu y\u00f6ntemi kullanarak kaliteden yana taviz vermeden ambalaj malzemesi sat\u0131n alabileceksiniz.<\/span><\/p>\n<p><iframe loading=\"lazy\" src=\"https:\/\/assets.pinterest.com\/ext\/embed.html?id=694539573783890874\" width=\"236\" height=\"454\" frameborder=\"0\" scrolling=\"no\"><\/iframe><\/p>\n<p>&nbsp;<\/p>\n","protected":false},"excerpt":{"rendered":"<p><a href=\"https:\/\/www.tazetrend.com\/online-randevu\"><img decoding=\"async\" loading=\"lazy\" class=\"alignnone wp-image-11666 size-full\" src=\"https:\/\/www.tazetrend.com\/wp-content\/uploads\/2021\/02\/online-randevu-alin.jpg\" alt=\"online randevu\" width=\"400\" height=\"100\" \/><\/a><\/p>\n","protected":false},"featured_media":10408,"comment_status":"open","ping_status":"closed","template":"","meta":[],"product_cat":[168],"product_tag":[],"_links":{"self":[{"href":"https:\/\/www.tazetrend.com\/index.php?rest_route=\/wp\/v2\/product\/10434"}],"collection":[{"href":"https:\/\/www.tazetrend.com\/index.php?rest_route=\/wp\/v2\/product"}],"about":[{"href":"https:\/\/www.tazetrend.com\/index.php?rest_route=\/wp\/v2\/types\/product"}],"replies":[{"embeddable":true,"href":"https:\/\/www.tazetrend.com\/index.php?rest_route=%2Fwp%2Fv2%2Fcomments&post=10434"}],"wp:featuredmedia":[{"embeddable":true,"href":"https:\/\/www.tazetrend.com\/index.php?rest_route=\/wp\/v2\/media\/10408"}],"wp:attachment":[{"href":"https:\/\/www.tazetrend.com\/index.php?rest_route=%2Fwp%2Fv2%2Fmedia&parent=10434"}],"wp:term":[{"taxonomy":"product_cat","embeddable":true,"href":"https:\/\/www.tazetrend.com\/index.php?rest_route=%2Fwp%2Fv2%2Fproduct_cat&post=10434"},{"taxonomy":"product_tag","embeddable":true,"href":"https:\/\/www.tazetrend.com\/index.php?rest_route=%2Fwp%2Fv2%2Fproduct_tag&post=10434"}],"curies":[{"name":"wp","href":"https:\/\/api.w.org\/{rel}","templated":true}]}}