{"id":10365,"date":"2021-02-23T17:38:37","date_gmt":"2021-02-23T14:38:37","guid":{"rendered":"https:\/\/www.tazetrend.com\/?post_type=product&#038;p=10365"},"modified":"2021-08-05T11:45:45","modified_gmt":"2021-08-05T08:45:45","slug":"tekstil-urunleri-icin-kraft-dosyalar","status":"publish","type":"product","link":"https:\/\/www.tazetrend.com\/?product=tekstil-urunleri-icin-kraft-dosyalar","title":{"rendered":"Tekstil \u00dcr\u00fcnleri i\u00e7in Kraft Dosyalar"},"content":{"rendered":"<p><span data-sheets-value=\"{&quot;1&quot;:2,&quot;2&quot;:&quot;Tekstil \u00fcr\u00fcnleri i\u00e7in kraft dosyalar ile harika bir se\u00e7im yapmak ister misiniz? O halde \u00fcr\u00fcnlere zarar vermeyecek yap\u0131daki kraft dosyalar sayesinde kaliteden yana kusursuzlu\u011fu yakalaman\u0131z m\u00fcmk\u00fcn olacak! Bu konuda en ba\u015far\u0131l\u0131 ambalaj kutusu ile alakal\u0131 se\u00e7eneklerden fayda sa\u011flayabilirsiniz.&quot;}\" data-sheets-userformat=\"{&quot;2&quot;:14337,&quot;3&quot;:{&quot;1&quot;:0,&quot;3&quot;:1},&quot;14&quot;:{&quot;1&quot;:3,&quot;3&quot;:1},&quot;15&quot;:&quot;Calibri&quot;,&quot;16&quot;:10}\">Tekstil \u00fcr\u00fcnleri i\u00e7in kraft dosyalar ile harika bir se\u00e7im yapmak ister misiniz? O halde \u00fcr\u00fcnlere zarar vermeyecek yap\u0131daki kraft dosyalar sayesinde kaliteden yana kusursuzlu\u011fu yakalaman\u0131z m\u00fcmk\u00fcn olacak! Bu konuda en ba\u015far\u0131l\u0131 ambalaj kutusu ile alakal\u0131 se\u00e7eneklerden fayda sa\u011flayabilirsiniz.<\/span><\/p>\n<p><iframe loading=\"lazy\" src=\"https:\/\/assets.pinterest.com\/ext\/embed.html?id=694539573783891791\" width=\"236\" height=\"454\" frameborder=\"0\" scrolling=\"no\"><\/iframe><\/p>\n","protected":false},"excerpt":{"rendered":"<p><a href=\"https:\/\/www.tazetrend.com\/online-randevu\"><img decoding=\"async\" loading=\"lazy\" class=\"alignnone wp-image-11666 size-full\" src=\"https:\/\/www.tazetrend.com\/wp-content\/uploads\/2021\/02\/online-randevu-alin.jpg\" alt=\"online randevu\" width=\"400\" height=\"100\" \/><\/a><\/p>\n","protected":false},"featured_media":10369,"comment_status":"open","ping_status":"closed","template":"","meta":[],"product_cat":[168],"product_tag":[],"_links":{"self":[{"href":"https:\/\/www.tazetrend.com\/index.php?rest_route=\/wp\/v2\/product\/10365"}],"collection":[{"href":"https:\/\/www.tazetrend.com\/index.php?rest_route=\/wp\/v2\/product"}],"about":[{"href":"https:\/\/www.tazetrend.com\/index.php?rest_route=\/wp\/v2\/types\/product"}],"replies":[{"embeddable":true,"href":"https:\/\/www.tazetrend.com\/index.php?rest_route=%2Fwp%2Fv2%2Fcomments&post=10365"}],"wp:featuredmedia":[{"embeddable":true,"href":"https:\/\/www.tazetrend.com\/index.php?rest_route=\/wp\/v2\/media\/10369"}],"wp:attachment":[{"href":"https:\/\/www.tazetrend.com\/index.php?rest_route=%2Fwp%2Fv2%2Fmedia&parent=10365"}],"wp:term":[{"taxonomy":"product_cat","embeddable":true,"href":"https:\/\/www.tazetrend.com\/index.php?rest_route=%2Fwp%2Fv2%2Fproduct_cat&post=10365"},{"taxonomy":"product_tag","embeddable":true,"href":"https:\/\/www.tazetrend.com\/index.php?rest_route=%2Fwp%2Fv2%2Fproduct_tag&post=10365"}],"curies":[{"name":"wp","href":"https:\/\/api.w.org\/{rel}","templated":true}]}}