{"id":677,"date":"2020-04-06T08:05:53","date_gmt":"2020-04-06T08:05:53","guid":{"rendered":"https:\/\/konsept.qodeinteractive.com\/?page_id=677"},"modified":"2022-10-06T12:49:05","modified_gmt":"2022-10-06T09:49:05","slug":"iletisim","status":"publish","type":"page","link":"https:\/\/www.tazetrend.com\/?page_id=677","title":{"rendered":"\u0130leti\u015fim"},"content":{"rendered":"\t\t<div data-elementor-type=\"wp-page\" data-elementor-id=\"677\" class=\"elementor elementor-677\">\n\t\t\t\t\t\t<div class=\"elementor-inner\">\n\t\t\t\t<div class=\"elementor-section-wrap\">\n\t\t\t\t\t\t\t\t\t<section class=\"elementor-section elementor-top-section elementor-element elementor-element-c86456e qodef-elementor-content-grid elementor-section-boxed elementor-section-height-default elementor-section-height-default\" data-id=\"c86456e\" data-element_type=\"section\">\n\t\t\t\t\t\t<div class=\"elementor-container elementor-column-gap-default\">\n\t\t\t\t\t\t\t<div class=\"elementor-row\">\n\t\t\t\t\t<div class=\"elementor-column elementor-col-50 elementor-top-column elementor-element elementor-element-12ec1c04\" data-id=\"12ec1c04\" data-element_type=\"column\">\n\t\t\t<div class=\"elementor-column-wrap elementor-element-populated\">\n\t\t\t\t\t\t\t<div class=\"elementor-widget-wrap\">\n\t\t\t\t\t\t<div class=\"elementor-element elementor-element-5221705d elementor-widget elementor-widget-konsept_core_section_title\" data-id=\"5221705d\" data-element_type=\"widget\" data-widget_type=\"konsept_core_section_title.default\">\n\t\t\t\t<div class=\"elementor-widget-container\">\n\t\t\t<div class=\"qodef-shortcode qodef-m  qodef-section-title qodef-alignment--left \">\n\t    <span class=\"qodef-m-tagline\" style=\"margin-bottom: 10px\">Bizimle \u0130leti\u015fime Ge\u00e7in<\/span>\n\t\t<h2 class=\"qodef-m-title\" >\n\t\t\t\t\tS\u0130ZE \u00c7OK YAKINIZ\t\t\t<\/h2>\n\t<\/div>\t\t<\/div>\n\t\t\t\t<\/div>\n\t\t\t\t<div class=\"elementor-element elementor-element-7c1b2848 elementor-widget elementor-widget-konsept_core_custom_font\" data-id=\"7c1b2848\" data-element_type=\"widget\" data-widget_type=\"konsept_core_custom_font.default\">\n\t\t\t\t<div class=\"elementor-widget-container\">\n\t\t\t<p class=\"qodef-shortcode qodef-m  qodef-custom-font  qodef-custom-font-1 qodef-layout--simple\" style=\"font-size: 17px;line-height: 27px\">Soru, g\u00f6r\u00fc\u015f ve \u00f6nerileriniz i\u00e7in bizimle ileti\u015fime ge\u00e7ebilirsiniz. Dilerseniz bizi ziyaret edebilir, y\u00fcz y\u00fcze g\u00f6r\u00fc\u015fme talep edebilirsiniz.<\/p>\t\t<\/div>\n\t\t\t\t<\/div>\n\t\t\t\t<section class=\"elementor-section elementor-inner-section elementor-element elementor-element-8de0c91 elementor-section-boxed elementor-section-height-default elementor-section-height-default qodef-elementor-content-no\" data-id=\"8de0c91\" data-element_type=\"section\">\n\t\t\t\t\t\t<div class=\"elementor-container elementor-column-gap-default\">\n\t\t\t\t\t\t\t<div class=\"elementor-row\">\n\t\t\t\t\t<div class=\"elementor-column elementor-col-100 elementor-inner-column elementor-element elementor-element-d927302\" data-id=\"d927302\" data-element_type=\"column\">\n\t\t\t<div class=\"elementor-column-wrap elementor-element-populated\">\n\t\t\t\t\t\t\t<div class=\"elementor-widget-wrap\">\n\t\t\t\t\t\t<div class=\"elementor-element elementor-element-284ec478 elementor-widget elementor-widget-konsept_core_section_title\" data-id=\"284ec478\" data-element_type=\"widget\" data-widget_type=\"konsept_core_section_title.default\">\n\t\t\t\t<div class=\"elementor-widget-container\">\n\t\t\t<div class=\"qodef-shortcode qodef-m  qodef-section-title qodef-alignment--left \">\n\t\t\t<h4 class=\"qodef-m-title\" >\n\t\t\t\t\tOF\u0130S - \u00dcRET\u0130M\t\t\t<\/h4>\n\t<\/div>\t\t<\/div>\n\t\t\t\t<\/div>\n\t\t\t\t<div class=\"elementor-element elementor-element-71fb2dd7 elementor-widget elementor-widget-text-editor\" data-id=\"71fb2dd7\" data-element_type=\"widget\" data-widget_type=\"text-editor.default\">\n\t\t\t\t<div class=\"elementor-widget-container\">\n\t\t\t\t\t\t\t\t<div class=\"elementor-text-editor elementor-clearfix\">\n\t\t\t\t<p>Ayd\u0131nevler Mh. Sancak Sk. No:13-17\/A 34752 Maltepe &#8211; \u0130STANBUL<\/p>\n<ul>\n<li><span style=\"color: var( --e-global-color-text ); font-family: var( --e-global-typography-text-font-family ), Sans-serif; font-weight: var( --e-global-typography-text-font-weight );\">info@tazetrend.com<\/span><br><\/li>\n<\/ul>\t\t\t\t\t<\/div>\n\t\t\t\t\t\t<\/div>\n\t\t\t\t<\/div>\n\t\t\t\t\t\t<\/div>\n\t\t\t\t\t<\/div>\n\t\t<\/div>\n\t\t\t\t\t\t\t\t<\/div>\n\t\t\t\t\t<\/div>\n\t\t<\/section>\n\t\t\t\t<div class=\"elementor-element elementor-element-19657420 elementor-widget__width-auto elementor-widget elementor-widget-konsept_core_icon\" data-id=\"19657420\" data-element_type=\"widget\" data-widget_type=\"konsept_core_icon.default\">\n\t\t\t\t<div class=\"elementor-widget-container\">\n\t\t\t<span class=\"qodef-shortcode qodef-m  qodef-icon-holder qodef-size--default qodef-layout--circle\" data-hover-color=\"#1D1D1D\" data-hover-background-color=\"rgba(2, 1, 1, 0)\" data-hover-border-color=\"#959494\" style=\"margin: 0 10px 0 0px;width: 35px;height: 35px;line-height: 35px;background-color: rgba(2, 1, 1, 0);border-style: solid;border-color: #B2B2B2;border-width: 1px;line-height: 33px\">\n\t\t\t<a itemprop=\"url\" href=\"https:\/\/www.facebook.com\/taze-trend\/\" target=\"_blank\">\n                    <svg class=\"qodef-svg-circle\"><circle cx=\"50%\" cy=\"50%\" r=\"49%\"><\/circle><\/svg>\n                    <span class=\"qodef-icon-font-awesome fab fa-facebook qodef-icon qodef-e\" style=\"color: #B2B2B2\" ><\/span>            <\/a>\n\t<\/span>\t\t<\/div>\n\t\t\t\t<\/div>\n\t\t\t\t<div class=\"elementor-element elementor-element-2384ccae elementor-widget__width-auto elementor-widget elementor-widget-konsept_core_icon\" data-id=\"2384ccae\" data-element_type=\"widget\" data-widget_type=\"konsept_core_icon.default\">\n\t\t\t\t<div class=\"elementor-widget-container\">\n\t\t\t<span class=\"qodef-shortcode qodef-m  qodef-icon-holder qodef-size--default qodef-layout--circle\" data-hover-color=\"#1D1D1D\" data-hover-border-color=\"#959494\" style=\"width: 35px;height: 35px;line-height: 35px;background-color: rgba(2, 1, 1, 0);border-style: solid;border-color: #B2B2B2;border-width: 1px;line-height: 33px\">\n\t\t\t<a itemprop=\"url\" href=\"https:\/\/www.instagram.com\/tazetrend\/\" target=\"_blank\">\n                    <svg class=\"qodef-svg-circle\"><circle cx=\"50%\" cy=\"50%\" r=\"49%\"><\/circle><\/svg>\n                    <span class=\"qodef-icon-font-awesome fab fa-instagram qodef-icon qodef-e\" style=\"color: #B2B2B2\" ><\/span>            <\/a>\n\t<\/span>\t\t<\/div>\n\t\t\t\t<\/div>\n\t\t\t\t<div class=\"elementor-element elementor-element-487464a7 elementor-widget__width-auto elementor-widget elementor-widget-konsept_core_icon\" data-id=\"487464a7\" data-element_type=\"widget\" data-widget_type=\"konsept_core_icon.default\">\n\t\t\t\t<div class=\"elementor-widget-container\">\n\t\t\t<span class=\"qodef-shortcode qodef-m  qodef-icon-holder qodef-size--default qodef-layout--circle\" data-hover-color=\"#1D1D1D\" data-hover-background-color=\"rgba(2, 1, 1, 0)\" data-hover-border-color=\"#959494\" style=\"margin: 0 10px 0 10px;width: 35px;height: 35px;line-height: 35px;background-color: rgba(2, 1, 1, 0);border-style: solid;border-color: #B2B2B2;border-width: 1px;line-height: 33px\">\n\t\t\t<a itemprop=\"url\" href=\"https:\/\/twitter.com\/tazetrend\/\" target=\"_blank\">\n                    <svg class=\"qodef-svg-circle\"><circle cx=\"50%\" cy=\"50%\" r=\"49%\"><\/circle><\/svg>\n                    <span class=\"qodef-icon-font-awesome fab fa-twitter qodef-icon qodef-e\" style=\"color: #B2B2B2\" ><\/span>            <\/a>\n\t<\/span>\t\t<\/div>\n\t\t\t\t<\/div>\n\t\t\t\t<div class=\"elementor-element elementor-element-66bf0c63 elementor-widget__width-auto elementor-widget elementor-widget-konsept_core_icon\" data-id=\"66bf0c63\" data-element_type=\"widget\" data-widget_type=\"konsept_core_icon.default\">\n\t\t\t\t<div class=\"elementor-widget-container\">\n\t\t\t<span class=\"qodef-shortcode qodef-m  qodef-icon-holder qodef-size--default qodef-layout--circle\" data-hover-color=\"#1D1D1D\" data-hover-border-color=\"#959494\" style=\"width: 35px;height: 35px;line-height: 35px;background-color: rgba(2, 1, 1, 0);border-style: solid;border-color: #B2B2B2;border-width: 1px;line-height: 33px\">\n\t\t\t<a itemprop=\"url\" href=\"https:\/\/www.youtube.com\/tazetrend\/\" target=\"_blank\">\n                    <svg class=\"qodef-svg-circle\"><circle cx=\"50%\" cy=\"50%\" r=\"49%\"><\/circle><\/svg>\n                    <span class=\"qodef-icon-font-awesome fab fa-youtube qodef-icon qodef-e\" style=\"color: #B2B2B2\" ><\/span>            <\/a>\n\t<\/span>\t\t<\/div>\n\t\t\t\t<\/div>\n\t\t\t\t\t\t<\/div>\n\t\t\t\t\t<\/div>\n\t\t<\/div>\n\t\t\t\t<div class=\"elementor-column elementor-col-50 elementor-top-column elementor-element elementor-element-37601920\" data-id=\"37601920\" data-element_type=\"column\">\n\t\t\t<div class=\"elementor-column-wrap elementor-element-populated\">\n\t\t\t\t\t\t\t<div class=\"elementor-widget-wrap\">\n\t\t\t\t\t\t<div class=\"elementor-element elementor-element-cd776d2 elementor-widget elementor-widget-wp-widget-konsept_core_contact_form_7\" data-id=\"cd776d2\" data-element_type=\"widget\" data-widget_type=\"wp-widget-konsept_core_contact_form_7.default\">\n\t\t\t\t<div class=\"elementor-widget-container\">\n\t\t\t\t\t\t<div class=\"qodef-contact-form-7\">\n\t\t\t\t<div class=\"wpcf7 no-js\" id=\"wpcf7-f190-o1\" lang=\"en-US\" dir=\"ltr\">\n<div class=\"screen-reader-response\"><p role=\"status\" aria-live=\"polite\" aria-atomic=\"true\"><\/p> <ul><\/ul><\/div>\n<form action=\"\/index.php?rest_route=%2Fwp%2Fv2%2Fpages%2F677#wpcf7-f190-o1\" method=\"post\" class=\"wpcf7-form init\" aria-label=\"Contact form\" novalidate=\"novalidate\" data-status=\"init\">\n<div style=\"display: none;\">\n<input type=\"hidden\" name=\"_wpcf7\" value=\"190\" \/>\n<input type=\"hidden\" name=\"_wpcf7_version\" value=\"5.7.2\" \/>\n<input type=\"hidden\" name=\"_wpcf7_locale\" value=\"en_US\" \/>\n<input type=\"hidden\" name=\"_wpcf7_unit_tag\" value=\"wpcf7-f190-o1\" \/>\n<input type=\"hidden\" name=\"_wpcf7_container_post\" value=\"0\" \/>\n<input type=\"hidden\" name=\"_wpcf7_posted_data_hash\" value=\"\" \/>\n<\/div>\n<div class=\"qodef-grid qodef-layout--columns qodef-col-num--2 qodef-gutter--small\">\n\t<div class=\"qodef-grid-inner\">\n\t\t<div class=\"qodef-grid-item\">\n\t\t\t<p><span class=\"wpcf7-form-control-wrap\" data-name=\"your-name\"><input size=\"40\" class=\"wpcf7-form-control wpcf7-text wpcf7-validates-as-required\" aria-required=\"true\" aria-invalid=\"false\" placeholder=\"Ad\u0131n\u0131z Soyad\u0131n\u0131z\" value=\"\" type=\"text\" name=\"your-name\" \/><\/span>\n\t\t\t<\/p>\n\t\t<\/div>\n\t\t<div class=\"qodef-grid-item\">\n\t\t\t<p><span class=\"wpcf7-form-control-wrap\" data-name=\"your-email\"><input size=\"40\" class=\"wpcf7-form-control wpcf7-text wpcf7-email wpcf7-validates-as-required wpcf7-validates-as-email\" aria-required=\"true\" aria-invalid=\"false\" placeholder=\"Email\" value=\"\" type=\"email\" name=\"your-email\" \/><\/span>\n\t\t\t<\/p>\n\t\t<\/div>\n\t<\/div>\n<\/div>\n<div class=\"qodef-grid qodef-layout--columns qodef-col-num--1 qodef-gutter--small\">\n\t<div class=\"qodef-grid-inner\">\n\t\t<div class=\"qodef-grid-item\">\n\t\t\t<p><span class=\"wpcf7-form-control-wrap\" data-name=\"your-subject\"><input size=\"40\" class=\"wpcf7-form-control wpcf7-text\" aria-invalid=\"false\" placeholder=\"Konu\" value=\"\" type=\"text\" name=\"your-subject\" \/><\/span>\n\t\t\t<\/p>\n\t\t<\/div>\n\t\t<p><span class=\"wpcf7-form-control-wrap\" data-name=\"your-message\"><textarea cols=\"40\" rows=\"9\" class=\"wpcf7-form-control wpcf7-textarea\" aria-invalid=\"false\" placeholder=\"Mesaj\u0131n\u0131z\" name=\"your-message\"><\/textarea><\/span>\n\t\t<\/p>\n\t<\/div>\n\t<div class=\"qodef-grid-item\" style=\"text-align:right;\">\n\t\t<p><button class=\"wpcf7-form-control wpcf7-submit qodef-button qodef-size--normal qodef-type--outlined qodef-m\" type=\"submit\"><span class=\"qodef-m-text\">G\u00f6nder<\/span><\/button>\n\t\t<\/p>\n\t<\/div>\n<\/div><p style=\"display: none !important;\"><label>&#916;<textarea name=\"_wpcf7_ak_hp_textarea\" cols=\"45\" rows=\"8\" maxlength=\"100\"><\/textarea><\/label><input type=\"hidden\" id=\"ak_js_1\" name=\"_wpcf7_ak_js\" value=\"230\"\/><script>document.getElementById( \"ak_js_1\" ).setAttribute( \"value\", ( new Date() ).getTime() );<\/script><\/p><div class=\"wpcf7-response-output\" aria-hidden=\"true\"><\/div><\/form><\/div>\t\t\t<\/div>\n\t\t\t\t\t<\/div>\n\t\t\t\t<\/div>\n\t\t\t\t\t\t<\/div>\n\t\t\t\t\t<\/div>\n\t\t<\/div>\n\t\t\t\t\t\t\t\t<\/div>\n\t\t\t\t\t<\/div>\n\t\t<\/section>\n\t\t\t\t<section class=\"elementor-section elementor-top-section elementor-element elementor-element-a48e066 elementor-section-boxed elementor-section-height-default elementor-section-height-default qodef-elementor-content-no\" data-id=\"a48e066\" data-element_type=\"section\">\n\t\t\t\t\t\t<div class=\"elementor-container elementor-column-gap-default\">\n\t\t\t\t\t\t\t<div class=\"elementor-row\">\n\t\t\t\t\t<div class=\"elementor-column elementor-col-100 elementor-top-column elementor-element elementor-element-719f16e\" data-id=\"719f16e\" data-element_type=\"column\">\n\t\t\t<div class=\"elementor-column-wrap elementor-element-populated\">\n\t\t\t\t\t\t\t<div class=\"elementor-widget-wrap\">\n\t\t\t\t\t\t<div class=\"elementor-element elementor-element-4cf0c19 elementor-widget elementor-widget-google_maps\" data-id=\"4cf0c19\" data-element_type=\"widget\" data-widget_type=\"google_maps.default\">\n\t\t\t\t<div class=\"elementor-widget-container\">\n\t\t\t\t\t<div class=\"elementor-custom-embed\">\n\t\t\t<iframe loading=\"lazy\"\n\t\t\t\t\tsrc=\"https:\/\/maps.google.com\/maps?q=Ayd%C4%B1nevler%20Mahallesi%20Sancak%20Sokak%20No%3A13-17%20Maltepe%2F%C4%B0stanbul&#038;t=m&#038;z=15&#038;output=embed&#038;iwloc=near\"\n\t\t\t\t\ttitle=\"Ayd\u0131nevler Mahallesi Sancak Sokak No:13-17 Maltepe\/\u0130stanbul\"\n\t\t\t\t\taria-label=\"Ayd\u0131nevler Mahallesi Sancak Sokak No:13-17 Maltepe\/\u0130stanbul\"\n\t\t\t><\/iframe>\n\t\t<\/div>\n\t\t\t\t<\/div>\n\t\t\t\t<\/div>\n\t\t\t\t\t\t<\/div>\n\t\t\t\t\t<\/div>\n\t\t<\/div>\n\t\t\t\t\t\t\t\t<\/div>\n\t\t\t\t\t<\/div>\n\t\t<\/section>\n\t\t\t\t<section class=\"elementor-section elementor-top-section elementor-element elementor-element-e9ec64e elementor-section-boxed elementor-section-height-default elementor-section-height-default qodef-elementor-content-no\" data-id=\"e9ec64e\" data-element_type=\"section\">\n\t\t\t\t\t\t<div class=\"elementor-container elementor-column-gap-default\">\n\t\t\t\t\t\t\t<div class=\"elementor-row\">\n\t\t\t\t\t<div class=\"elementor-column elementor-col-50 elementor-top-column elementor-element elementor-element-37a4f0a\" data-id=\"37a4f0a\" data-element_type=\"column\">\n\t\t\t<div class=\"elementor-column-wrap elementor-element-populated\">\n\t\t\t\t\t\t\t<div class=\"elementor-widget-wrap\">\n\t\t\t\t\t\t<div class=\"elementor-element elementor-element-268a75e elementor-widget elementor-widget-image\" data-id=\"268a75e\" data-element_type=\"widget\" data-widget_type=\"image.default\">\n\t\t\t\t<div class=\"elementor-widget-container\">\n\t\t\t\t\t\t\t\t<div class=\"elementor-image\">\n\t\t\t\t\t\t\t\t\t\t\t\t<img decoding=\"async\" width=\"800\" height=\"600\" src=\"https:\/\/www.tazetrend.com\/wp-content\/uploads\/2021\/01\/tazebaski-merkezi-tasarim.jpg\" class=\"attachment-large size-large wp-image-8624\" alt=\"tazebask\u0131 merkezi tasar\u0131m\" loading=\"lazy\" srcset=\"https:\/\/www.tazetrend.com\/wp-content\/uploads\/2021\/01\/tazebaski-merkezi-tasarim.jpg 800w, https:\/\/www.tazetrend.com\/wp-content\/uploads\/2021\/01\/tazebaski-merkezi-tasarim-300x225.jpg 300w, https:\/\/www.tazetrend.com\/wp-content\/uploads\/2021\/01\/tazebaski-merkezi-tasarim-768x576.jpg 768w, https:\/\/www.tazetrend.com\/wp-content\/uploads\/2021\/01\/tazebaski-merkezi-tasarim-600x450.jpg 600w\" sizes=\"(max-width: 800px) 100vw, 800px\" \/>\t\t\t\t\t\t\t\t\t\t\t\t\t\t<\/div>\n\t\t\t\t\t\t<\/div>\n\t\t\t\t<\/div>\n\t\t\t\t\t\t<\/div>\n\t\t\t\t\t<\/div>\n\t\t<\/div>\n\t\t\t\t<div class=\"elementor-column elementor-col-50 elementor-top-column elementor-element elementor-element-d7b37e1\" data-id=\"d7b37e1\" data-element_type=\"column\">\n\t\t\t<div class=\"elementor-column-wrap elementor-element-populated\">\n\t\t\t\t\t\t\t<div class=\"elementor-widget-wrap\">\n\t\t\t\t\t\t<div class=\"elementor-element elementor-element-9e118eb elementor-widget elementor-widget-image\" data-id=\"9e118eb\" data-element_type=\"widget\" data-widget_type=\"image.default\">\n\t\t\t\t<div class=\"elementor-widget-container\">\n\t\t\t\t\t\t\t\t<div class=\"elementor-image\">\n\t\t\t\t\t\t\t\t\t\t\t\t<img decoding=\"async\" width=\"800\" height=\"600\" src=\"https:\/\/www.tazetrend.com\/wp-content\/uploads\/2021\/01\/tazebaski-merkezi-ofis.jpg\" class=\"attachment-large size-large wp-image-8623\" alt=\"tazebask\u0131 merkezi ofis\" loading=\"lazy\" srcset=\"https:\/\/www.tazetrend.com\/wp-content\/uploads\/2021\/01\/tazebaski-merkezi-ofis.jpg 800w, https:\/\/www.tazetrend.com\/wp-content\/uploads\/2021\/01\/tazebaski-merkezi-ofis-300x225.jpg 300w, https:\/\/www.tazetrend.com\/wp-content\/uploads\/2021\/01\/tazebaski-merkezi-ofis-768x576.jpg 768w, https:\/\/www.tazetrend.com\/wp-content\/uploads\/2021\/01\/tazebaski-merkezi-ofis-600x450.jpg 600w\" sizes=\"(max-width: 800px) 100vw, 800px\" \/>\t\t\t\t\t\t\t\t\t\t\t\t\t\t<\/div>\n\t\t\t\t\t\t<\/div>\n\t\t\t\t<\/div>\n\t\t\t\t\t\t<\/div>\n\t\t\t\t\t<\/div>\n\t\t<\/div>\n\t\t\t\t\t\t\t\t<\/div>\n\t\t\t\t\t<\/div>\n\t\t<\/section>\n\t\t\t\t<section class=\"elementor-section elementor-top-section elementor-element elementor-element-7c86b13 elementor-section-boxed elementor-section-height-default elementor-section-height-default qodef-elementor-content-no\" data-id=\"7c86b13\" data-element_type=\"section\">\n\t\t\t\t\t\t<div class=\"elementor-container elementor-column-gap-default\">\n\t\t\t\t\t\t\t<div class=\"elementor-row\">\n\t\t\t\t\t<div class=\"elementor-column elementor-col-25 elementor-top-column elementor-element elementor-element-6bc92d8\" data-id=\"6bc92d8\" data-element_type=\"column\">\n\t\t\t<div class=\"elementor-column-wrap elementor-element-populated\">\n\t\t\t\t\t\t\t<div class=\"elementor-widget-wrap\">\n\t\t\t\t\t\t<div class=\"elementor-element elementor-element-6fa688e elementor-widget elementor-widget-image\" data-id=\"6fa688e\" data-element_type=\"widget\" data-widget_type=\"image.default\">\n\t\t\t\t<div class=\"elementor-widget-container\">\n\t\t\t\t\t\t\t\t<div class=\"elementor-image\">\n\t\t\t\t\t\t\t\t\t\t\t\t<img decoding=\"async\" width=\"403\" height=\"403\" src=\"https:\/\/www.tazetrend.com\/wp-content\/uploads\/2021\/01\/taze-baski-merkezi-ajans.jpg\" class=\"attachment-large size-large wp-image-8612\" alt=\"taze bask\u0131 merkezi ajans\" loading=\"lazy\" srcset=\"https:\/\/www.tazetrend.com\/wp-content\/uploads\/2021\/01\/taze-baski-merkezi-ajans.jpg 403w, https:\/\/www.tazetrend.com\/wp-content\/uploads\/2021\/01\/taze-baski-merkezi-ajans-300x300.jpg 300w, https:\/\/www.tazetrend.com\/wp-content\/uploads\/2021\/01\/taze-baski-merkezi-ajans-150x150.jpg 150w, https:\/\/www.tazetrend.com\/wp-content\/uploads\/2021\/01\/taze-baski-merkezi-ajans-100x100.jpg 100w\" sizes=\"(max-width: 403px) 100vw, 403px\" \/>\t\t\t\t\t\t\t\t\t\t\t\t\t\t<\/div>\n\t\t\t\t\t\t<\/div>\n\t\t\t\t<\/div>\n\t\t\t\t\t\t<\/div>\n\t\t\t\t\t<\/div>\n\t\t<\/div>\n\t\t\t\t<div class=\"elementor-column elementor-col-25 elementor-top-column elementor-element elementor-element-bed80b5\" data-id=\"bed80b5\" data-element_type=\"column\">\n\t\t\t<div class=\"elementor-column-wrap elementor-element-populated\">\n\t\t\t\t\t\t\t<div class=\"elementor-widget-wrap\">\n\t\t\t\t\t\t<div class=\"elementor-element elementor-element-c0a50da elementor-widget elementor-widget-image\" data-id=\"c0a50da\" data-element_type=\"widget\" data-widget_type=\"image.default\">\n\t\t\t\t<div class=\"elementor-widget-container\">\n\t\t\t\t\t\t\t\t<div class=\"elementor-image\">\n\t\t\t\t\t\t\t\t\t\t\t\t<img decoding=\"async\" width=\"403\" height=\"403\" src=\"https:\/\/www.tazetrend.com\/wp-content\/uploads\/2021\/01\/taze-baski-merkezi-uretim.jpg\" class=\"attachment-large size-large wp-image-8615\" alt=\"tazebask\u0131 merkezi uretim\" loading=\"lazy\" srcset=\"https:\/\/www.tazetrend.com\/wp-content\/uploads\/2021\/01\/taze-baski-merkezi-uretim.jpg 403w, https:\/\/www.tazetrend.com\/wp-content\/uploads\/2021\/01\/taze-baski-merkezi-uretim-300x300.jpg 300w, https:\/\/www.tazetrend.com\/wp-content\/uploads\/2021\/01\/taze-baski-merkezi-uretim-150x150.jpg 150w, https:\/\/www.tazetrend.com\/wp-content\/uploads\/2021\/01\/taze-baski-merkezi-uretim-100x100.jpg 100w\" sizes=\"(max-width: 403px) 100vw, 403px\" \/>\t\t\t\t\t\t\t\t\t\t\t\t\t\t<\/div>\n\t\t\t\t\t\t<\/div>\n\t\t\t\t<\/div>\n\t\t\t\t\t\t<\/div>\n\t\t\t\t\t<\/div>\n\t\t<\/div>\n\t\t\t\t<div class=\"elementor-column elementor-col-25 elementor-top-column elementor-element elementor-element-5e0bfb1\" data-id=\"5e0bfb1\" data-element_type=\"column\">\n\t\t\t<div class=\"elementor-column-wrap elementor-element-populated\">\n\t\t\t\t\t\t\t<div class=\"elementor-widget-wrap\">\n\t\t\t\t\t\t<div class=\"elementor-element elementor-element-625f3d7 elementor-widget elementor-widget-image\" data-id=\"625f3d7\" data-element_type=\"widget\" data-widget_type=\"image.default\">\n\t\t\t\t<div class=\"elementor-widget-container\">\n\t\t\t\t\t\t\t\t<div class=\"elementor-image\">\n\t\t\t\t\t\t\t\t\t\t\t\t<img decoding=\"async\" width=\"403\" height=\"403\" src=\"https:\/\/www.tazetrend.com\/wp-content\/uploads\/2021\/01\/taze-baski-merkezi-ofis.jpg\" class=\"attachment-large size-large wp-image-8614\" alt=\"teze bask\u0131 merkezi ofis\" loading=\"lazy\" srcset=\"https:\/\/www.tazetrend.com\/wp-content\/uploads\/2021\/01\/taze-baski-merkezi-ofis.jpg 403w, https:\/\/www.tazetrend.com\/wp-content\/uploads\/2021\/01\/taze-baski-merkezi-ofis-300x300.jpg 300w, https:\/\/www.tazetrend.com\/wp-content\/uploads\/2021\/01\/taze-baski-merkezi-ofis-150x150.jpg 150w, https:\/\/www.tazetrend.com\/wp-content\/uploads\/2021\/01\/taze-baski-merkezi-ofis-100x100.jpg 100w\" sizes=\"(max-width: 403px) 100vw, 403px\" \/>\t\t\t\t\t\t\t\t\t\t\t\t\t\t<\/div>\n\t\t\t\t\t\t<\/div>\n\t\t\t\t<\/div>\n\t\t\t\t\t\t<\/div>\n\t\t\t\t\t<\/div>\n\t\t<\/div>\n\t\t\t\t<div class=\"elementor-column elementor-col-25 elementor-top-column elementor-element elementor-element-bd951ab\" data-id=\"bd951ab\" data-element_type=\"column\">\n\t\t\t<div class=\"elementor-column-wrap elementor-element-populated\">\n\t\t\t\t\t\t\t<div class=\"elementor-widget-wrap\">\n\t\t\t\t\t\t<div class=\"elementor-element elementor-element-796d24a elementor-widget elementor-widget-image\" data-id=\"796d24a\" data-element_type=\"widget\" data-widget_type=\"image.default\">\n\t\t\t\t<div class=\"elementor-widget-container\">\n\t\t\t\t\t\t\t\t<div class=\"elementor-image\">\n\t\t\t\t\t\t\t\t\t\t\t\t<img decoding=\"async\" width=\"403\" height=\"403\" src=\"https:\/\/www.tazetrend.com\/wp-content\/uploads\/2021\/01\/taze-baski-merkezi-mucellit.jpg\" class=\"attachment-large size-large wp-image-8613\" alt=\"taze bask\u0131 merkezi m\u00fccellit\" loading=\"lazy\" srcset=\"https:\/\/www.tazetrend.com\/wp-content\/uploads\/2021\/01\/taze-baski-merkezi-mucellit.jpg 403w, https:\/\/www.tazetrend.com\/wp-content\/uploads\/2021\/01\/taze-baski-merkezi-mucellit-300x300.jpg 300w, https:\/\/www.tazetrend.com\/wp-content\/uploads\/2021\/01\/taze-baski-merkezi-mucellit-150x150.jpg 150w, https:\/\/www.tazetrend.com\/wp-content\/uploads\/2021\/01\/taze-baski-merkezi-mucellit-100x100.jpg 100w\" sizes=\"(max-width: 403px) 100vw, 403px\" \/>\t\t\t\t\t\t\t\t\t\t\t\t\t\t<\/div>\n\t\t\t\t\t\t<\/div>\n\t\t\t\t<\/div>\n\t\t\t\t\t\t<\/div>\n\t\t\t\t\t<\/div>\n\t\t<\/div>\n\t\t\t\t\t\t\t\t<\/div>\n\t\t\t\t\t<\/div>\n\t\t<\/section>\n\t\t\t\t\t\t\t\t\t<\/div>\n\t\t\t<\/div>\n\t\t\t\t\t<\/div>\n\t\t","protected":false},"excerpt":{"rendered":"<p>Bizimle \u0130leti\u015fime Ge\u00e7in S\u0130ZE \u00c7OK YAKINIZ Soru, g\u00f6r\u00fc\u015f ve \u00f6nerileriniz i\u00e7in bizimle ileti\u015fime ge\u00e7ebilirsiniz. Dilerseniz bizi ziyaret edebilir, y\u00fcz y\u00fcze g\u00f6r\u00fc\u015fme talep edebilirsiniz. OF\u0130S &#8211; \u00dcRET\u0130M Ayd\u0131nevler Mh. Sancak Sk. No:13-17\/A 34752 Maltepe &#8211; \u0130STANBUL info@tazetrend.com<\/p>\n","protected":false},"author":1,"featured_media":0,"parent":0,"menu_order":0,"comment_status":"closed","ping_status":"closed","template":"","meta":[],"_links":{"self":[{"href":"https:\/\/www.tazetrend.com\/index.php?rest_route=\/wp\/v2\/pages\/677"}],"collection":[{"href":"https:\/\/www.tazetrend.com\/index.php?rest_route=\/wp\/v2\/pages"}],"about":[{"href":"https:\/\/www.tazetrend.com\/index.php?rest_route=\/wp\/v2\/types\/page"}],"author":[{"embeddable":true,"href":"https:\/\/www.tazetrend.com\/index.php?rest_route=\/wp\/v2\/users\/1"}],"replies":[{"embeddable":true,"href":"https:\/\/www.tazetrend.com\/index.php?rest_route=%2Fwp%2Fv2%2Fcomments&post=677"}],"version-history":[{"count":3,"href":"https:\/\/www.tazetrend.com\/index.php?rest_route=\/wp\/v2\/pages\/677\/revisions"}],"predecessor-version":[{"id":17072,"href":"https:\/\/www.tazetrend.com\/index.php?rest_route=\/wp\/v2\/pages\/677\/revisions\/17072"}],"wp:attachment":[{"href":"https:\/\/www.tazetrend.com\/index.php?rest_route=%2Fwp%2Fv2%2Fmedia&parent=677"}],"curies":[{"name":"wp","href":"https:\/\/api.w.org\/{rel}","templated":true}]}}